(-3 + 1)). What is the units digit of (r - -249)*((-20)/8 - -3)?
7
Suppose -218*n = -215*n - 2*w - 40902, 4*n + w - 54547 = 0. What is the units digit of n?
6
What is the ten thousands digit of ((6601575/100)/23)/(2/16)?
2
Let r = 20 - 38. Suppose -2*i - 4*j = 2, 2*i - 81*j + 16 = -78*j. Let q = i - r. What is the units digit of q?
3
Suppose 0 = -31*i + 24*i - 784. Let k = -61 - i. Suppose -k = -3*x + 3*w, 3*x + 0*w - 75 = -5*w. What is the units digit of x?
0
Suppose 0 = -6*g + 655 + 125. Let n = g - 127. Suppose 3*r = -5*p + 653, n*p - 286 = 4*r + 129. What is the tens digit of p?
3
Suppose -h = -4*k - 39909 + 303761, 5*k - 5*h - 329830 = 0. What is the ten thousands digit of k?
6
Let t = 104 + -110. What is the tens digit of (-9)/t - 1905/(-10)?
9
Let o(h) = 15*h**2 - 691*h + 91. What is the thousands digit of o(51)?
3
Let i = -88 + 91. Suppose -2 = 4*r - 6*r, 2507 = i*q + 5*r. What is the hundreds digit of q?
8
Suppose -473 = -4*b + w, 60 = -5*b + 4*w + 654. Suppose -5*f + i - 298 = 0, i + b = -2*f + 2*i. Let z = -31 - f. What is the units digit of z?
9
Let i = 17920 - 4796. What is the tens digit of i?
2
Let l = -436 - -489. Suppose 2 = 3*z - 28. Let d = l - z. What is the units digit of d?
3
Suppose -5*m - 36 = -61, 0 = -3*n - m + 51956. What is the thousands digit of n?
7
Let b(x) be the third derivative of -x**4/24 - 5*x**3/3 + 19*x**2. Let n be b(-14). Suppose -n*o - 4*y = y - 407, 2*y - 6 = 0. What is the units digit of o?
8
Let y be 3/18 + (-58)/(-12). Suppose 2*n - 5*s + 21 = 0, -y*n - 3*s = -0*s + 6. What is the units digit of n*(-2 + (-7)/(-3)) - -91?
0
Let s = -6865 - -10999. What is the tens digit of s?
3
What is the units digit of (308/(-462))/(1/(-22542))?
8
Let x(u) = u**3 + 13*u**2 + 20*u - 28. Let k be x(-11). What is the tens digit of (-11 - k)/(2/(-304)*2)?
8
Suppose -3*m + 18652 = p, -3*p - 2882 = -2*m + 9571. What is the units digit of m?
9
Suppose -6*u = -17*u + 2090. Suppose m = 419 + u. What is the hundreds digit of m?
6
What is the hundreds digit of 9/(-6)*(89984/6)/(-8)?
8
Let p = 25758 + 2029. What is the thousands digit of p?
7
Suppose 7 = -13*l + 6*l. What is the units digit of -4 + (101 - l) + 0?
8
Let v(j) = -22*j + 32*j**3 + 4*j + 31 + 13*j**2 + 34*j**3 - 67*j**3. What is the units digit of v(9)?
3
Suppose 4*v + 5*s = -130, 4*s = 3*v - s + 80. Let u = v - -384. What is the hundreds digit of u?
3
Let i = 25199 + -14492. What is the ten thousands digit of i?
1
Let w(h) = 19*h**3 + h**2 - h + 1. Let k be w(1). Suppose -4*u + v + 14 = 0, v = -5*u - 0*v + 13. Suppose l + u - k = 0. What is the units digit of l?
7
Let n(t) = -19834*t**3 - 242*t**2 - 245*t - 2. What is the units digit of n(-1)?
5
Suppose -107167 = -21*j + j - 24527. What is the thousands digit of j?
4
Let x(g) = g**3 - 15*g**2 - 17*g + 18. Let w be x(16). Suppose 0 = q + 3*c - 294, -5 = w*c - 11. What is the units digit of q?
5
Suppose 3*x = x - 4*g + 3520, 2*x - 5*g - 3511 = 0. Let y = -954 + x. What is the tens digit of y?
0
Suppose -4*u + m = -42764, 8*m - 13*m = 4*u - 42740. What is the tens digit of u?
9
Let h(f) = -6*f + 39. Let w be h(6). Suppose -6064 = n - 5*n - 4*r, -w*n + 2*r = -4538. Suppose -16*a - 10 + n = 0. What is the units digit of a?
4
Let h(u) = 2617*u + 6692. What is the units digit of h(5)?
7
Let z(l) = l**2 + 18*l + 15. Let q be z(-14). Let s = q - -98. What is the units digit of s?
7
Let o(q) = -3*q**2 + 3*q + 8. Let g(p) = -p**2 - p + 1. Let x(l) = 2*g(l) - o(l). Let z be x(7). Suppose -4*f = -z*f + 160. What is the tens digit of f?
4
Suppose -1184*k + 1237*k = 2581577. What is the tens digit of k?
0
Suppose n - 6*n + 740 = 0. What is the units digit of 6 + -4 - (2 - n)?
8
Let r(i) = -i - 3. Let v be r(-18). Suppose -v*g + 7249 + 626 = 0. What is the tens digit of g?
2
Suppose 100275 = 11*k - 5*k + 19*k. What is the tens digit of k?
1
Let j(l) = 32*l**2 + 55*l + 66. What is the hundreds digit of j(-18)?
4
Suppose -2*w - 2*o = -28, -3*w = w - 4*o - 24. Suppose -4*m - 2574 = -w*m. Let i = 692 - m. What is the units digit of i?
3
Let z(u) = 81*u - 8. Let j be z(2). Suppose -j*s = -153*s - 988. What is the hundreds digit of s?
9
Let p = 179 - 89. Let k(w) = 3*w - 9. Let o be k(8). Suppose 10*c - 25 = o*c, -2*c + p = 4*l. What is the units digit of l?
5
Let d(u) = -u**2 - 3*u. Let z be d(-3). Suppose 3*k - 2*w - 1793 = z, -k + w = -56 - 543. What is the tens digit of k?
9
Let k be 0 + 2/10 - (-222)/(-10). Let i = k - -15. Let r(b) = 3*b**2 + 14*b + 25. What is the units digit of r(i)?
4
Let g = -928 - -2322. Let n = g - -416. What is the units digit of n?
0
Let x = -8584 + 17671. What is the units digit of x?
7
Suppose 4*b - 22 = 2*w, b + 2*w + 8 = 1. Let r be b/15 + ((-72)/10)/(-4). Suppose -r*n + 5*n - 375 = -4*c, -2*c + 510 = 4*n. What is the hundreds digit of n?
1
Let v(y) = 245*y + 1140. What is the units digit of v(13)?
5
Let t(v) = 8*v - 7. Let c be t(2). Suppose 283 = 2*o - c. Let h = o + -83. What is the units digit of h?
3
Let t = -15 + 4. Let b(h) = -27 - 6*h - h**2 - 11*h - 1 + 4. What is the units digit of b(t)?
2
Suppose -10329*v = -10325*v - 3424. What is the hundreds digit of v?
8
Suppose 6 = c - 2*i - 3, 2*c - 5*i - 15 = 0. Suppose c*b - 1410 = 210. What is the hundreds digit of b?
1
Let z(v) = -154*v**2 + 13*v - 11. Let q be z(3). Let o = q - -2106. What is the tens digit of o?
4
Let h(s) = -36*s**2 + 2*s + 11*s**2 + 2 + 26*s**2. Suppose u + 1 + 0 = 0. What is the units digit of h(u)?
1
Suppose 4*j = 22*j + 180. What is the hundreds digit of (-1032)/j - 28/(-35)?
1
Let n = -81 - -6. What is the tens digit of 6/30*27*n/(-3)?
3
Suppose 33*m - 16 = 215. What is the thousands digit of 8/(-10) - m/((-105)/19587)?
1
Suppose -59*r + 251*r = 16186176. What is the ten thousands digit of r?
8
Let p be -4 + 0/(-2) - -11. Suppose p*y - 149 + 44 = 0. What is the tens digit of (426/(-8))/(y/(-20))?
7
Suppose -7*i = -2*p - 2*i + 27, 0 = -5*p + i + 33. Let g = -333 - -619. Suppose 470 = p*m - g. What is the tens digit of m?
2
Let a be (6 - 4)/((-2)/(-109)). Suppose 0 = 6*o + a - 19. What is the units digit of ((-3)/9)/(5/o)?
1
Let q(c) = -2*c + 2*c**2 + 21*c**2 + 30 - c**2 + 7. What is the hundreds digit of q(8)?
4
Let w be ((-40)/(-8))/(-5) + (-10)/2. What is the hundreds digit of 702 + (5 + w)*-2?
7
Suppose -2*i = 3*v - 6, -3*v + 2*i = -8 + 2. Suppose -4*q + q = -5*u + 55, -4*q - 8 = -v*u. Suppose 103 = 3*n - u. What is the units digit of n?
9
Let u(k) be the third derivative of k**5/30 - 5*k**4/6 + 9*k**3 + 39*k**2. Let n be u(14). What is the units digit of (-1 + 0)/((-2)/n)?
3
Let l(p) be the third derivative of 91*p**5/60 + p**4/8 + p**3/3 + p**2. Suppose 123*x + 149 = -64*x - 38. What is the tens digit of l(x)?
9
Suppose -11*w - 191348 = -3*j - 52*w, -3*j = 3*w - 191538. What is the ten thousands digit of j?
6
Let l(p) = 6*p - 15. Let x be l(3). Suppose -10*u - 1405 = -5*v - 6*u, -x*v + 2*u = -845. What is the units digit of v?
5
Suppose -147*m + x = -148*m + 30808, m - 5*x - 30754 = 0. What is the hundreds digit of m?
7
Let z(t) = 18184*t**2 - 72*t - 2. What is the tens digit of z(-1)?
5
Suppose 4*o = 23 - 3. Suppose -4*m - o*m = -54. Suppose 2*r - m = 0, 3*r = 4*q - 225 - 450. What is the tens digit of q?
7
Let i(b) = -677*b - 58. Let v be i(2). Let q = v - -2869. What is the units digit of q?
7
Let m(o) = -2*o**3 - 11*o**2 + 9*o + 30. Suppose 13*u - 67*u - 486 = 0. What is the hundreds digit of m(u)?
5
Let h(j) = -j**3 - 25*j**2 - 28*j - 106. What is the units digit of h(-28)?
0
Let u(s) = -187*s**3 + 16*s**2 - 2*s + 4. What is the tens digit of u(-3)?
0
Let k(i) = -2*i**3 - 46*i**2 + 43*i - 106. What is the units digit of k(-27)?
5
Let f(q) = 11*q**2 - 6*q + 18. Suppose -11 + 67 = 14*y. Let t be f(y). Let c = t + -118. What is the tens digit of c?
5
Let z(g) = g**2 + 11*g - 12. Suppose 0 = 2*x + 28 - 4. Let m be z(x). Suppose -2*t - 2*t + 308 = m. What is the units digit of t?
7
Let m(q) = 382*q**2 - 153*q + 280. What is the hundreds digit of m(9)?
8
Suppose -4450111 = -85*n - 1646022 + 1947921. What is the ten thousands digit of n?
5
Suppose 12 = -8*m - 28. Let h(t) = 9*t - 10. Let d be h(m). Let c = d - -102. What is the tens digit of c?
4
Let v = 17917 + 9439. What is the tens digit of v?
5
What is the units